{"id":27,"date":"2022-10-17T23:19:13","date_gmt":"2022-10-17T23:19:13","guid":{"rendered":"https:\/\/lachozatambogrande.com\/web\/?page_id=27"},"modified":"2023-02-12T02:11:44","modified_gmt":"2023-02-12T02:11:44","slug":"habitaciones","status":"publish","type":"page","link":"https:\/\/lachozatambogrande.com\/web\/habitaciones\/","title":{"rendered":"Habitaciones"},"content":{"rendered":"\t\t<div data-elementor-type=\"wp-page\" data-elementor-id=\"27\" class=\"elementor elementor-27\">\n\t\t\t\t\t\t\t\t\t<section class=\"elementor-section elementor-top-section elementor-element elementor-element-b90e647 elementor-section-boxed elementor-section-height-default elementor-section-height-default\" data-id=\"b90e647\" data-element_type=\"section\">\n\t\t\t\t\t\t<div class=\"elementor-container elementor-column-gap-default\">\n\t\t\t\t\t<div class=\"elementor-column elementor-col-100 elementor-top-column elementor-element elementor-element-8200823\" data-id=\"8200823\" data-element_type=\"column\">\n\t\t\t<div class=\"elementor-widget-wrap elementor-element-populated\">\n\t\t\t\t\t\t\t\t<div class=\"elementor-element elementor-element-a086bee elementor-widget elementor-widget-text-editor\" data-id=\"a086bee\" data-element_type=\"widget\" data-widget_type=\"text-editor.default\">\n\t\t\t\t<div class=\"elementor-widget-container\">\n\t\t\t<style>\/*! elementor - v3.10.2 - 29-01-2023 *\/\n.elementor-widget-text-editor.elementor-drop-cap-view-stacked .elementor-drop-cap{background-color:#818a91;color:#fff}.elementor-widget-text-editor.elementor-drop-cap-view-framed .elementor-drop-cap{color:#818a91;border:3px solid;background-color:transparent}.elementor-widget-text-editor:not(.elementor-drop-cap-view-default) .elementor-drop-cap{margin-top:8px}.elementor-widget-text-editor:not(.elementor-drop-cap-view-default) .elementor-drop-cap-letter{width:1em;height:1em}.elementor-widget-text-editor .elementor-drop-cap{float:left;text-align:center;line-height:1;font-size:50px}.elementor-widget-text-editor .elementor-drop-cap-letter{display:inline-block}<\/style>\t\t\t\t<p>Nuestro servicio de alojamiento incluye en todas nuestras habitaciones, desayuno, Piscina, TV, Cable, Tel\u00e9fono, Internet \/ WiFi, Custodia de Equipaje; asimismo contamos con Habitaciones Familiares.<\/p><p><span style=\"color: var( --e-global-color-text ); font-family: var( --e-global-typography-text-font-family ), Sans-serif; font-weight: var( --e-global-typography-text-font-weight ); font-style: inherit; text-transform: inherit;\">Te invitamos a visitar nuestra ciudad y as\u00ed de paso entrar a nuestros restaurante y probar de nuestros platos que aqu\u00ed presentamos en nuestra p\u00e1gina web.<\/span><\/p>\t\t\t\t\t\t<\/div>\n\t\t\t\t<\/div>\n\t\t\t\t\t<\/div>\n\t\t<\/div>\n\t\t\t\t\t\t\t<\/div>\n\t\t<\/section>\n\t\t\t\t<section class=\"elementor-section elementor-top-section elementor-element elementor-element-e6421cd elementor-section-boxed elementor-section-height-default elementor-section-height-default\" data-id=\"e6421cd\" data-element_type=\"section\">\n\t\t\t\t\t\t<div class=\"elementor-container elementor-column-gap-default\">\n\t\t\t\t\t<div class=\"elementor-column elementor-col-100 elementor-top-column elementor-element elementor-element-4ee8101\" data-id=\"4ee8101\" data-element_type=\"column\">\n\t\t\t<div class=\"elementor-widget-wrap elementor-element-populated\">\n\t\t\t\t\t\t\t\t<div class=\"elementor-element elementor-element-2822d62 elementor-widget elementor-widget-spacer\" data-id=\"2822d62\" data-element_type=\"widget\" data-widget_type=\"spacer.default\">\n\t\t\t\t<div class=\"elementor-widget-container\">\n\t\t\t<style>\/*! elementor - v3.10.2 - 29-01-2023 *\/\n.elementor-column .elementor-spacer-inner{height:var(--spacer-size)}.e-con{--container-widget-width:100%}.e-con-inner>.elementor-widget-spacer,.e-con>.elementor-widget-spacer{width:var(--container-widget-width,var(--spacer-size));--align-self:var(--container-widget-align-self,initial);--flex-shrink:0}.e-con-inner>.elementor-widget-spacer>.elementor-widget-container,.e-con-inner>.elementor-widget-spacer>.elementor-widget-container>.elementor-spacer,.e-con>.elementor-widget-spacer>.elementor-widget-container,.e-con>.elementor-widget-spacer>.elementor-widget-container>.elementor-spacer{height:100%}.e-con-inner>.elementor-widget-spacer>.elementor-widget-container>.elementor-spacer>.elementor-spacer-inner,.e-con>.elementor-widget-spacer>.elementor-widget-container>.elementor-spacer>.elementor-spacer-inner{height:var(--container-widget-height,var(--spacer-size))}<\/style>\t\t<div class=\"elementor-spacer\">\n\t\t\t<div class=\"elementor-spacer-inner\"><\/div>\n\t\t<\/div>\n\t\t\t\t<\/div>\n\t\t\t\t<\/div>\n\t\t\t\t\t<\/div>\n\t\t<\/div>\n\t\t\t\t\t\t\t<\/div>\n\t\t<\/section>\n\t\t\t\t<section class=\"elementor-section elementor-top-section elementor-element elementor-element-833861a elementor-section-boxed elementor-section-height-default elementor-section-height-default\" data-id=\"833861a\" data-element_type=\"section\">\n\t\t\t\t\t\t<div class=\"elementor-container elementor-column-gap-default\">\n\t\t\t\t\t<div class=\"elementor-column elementor-col-100 elementor-top-column elementor-element elementor-element-e1fc189\" data-id=\"e1fc189\" data-element_type=\"column\">\n\t\t\t<div class=\"elementor-widget-wrap elementor-element-populated\">\n\t\t\t\t\t\t\t\t<div class=\"elementor-element elementor-element-2a9e25b elementor-widget elementor-widget-eael-feature-list\" data-id=\"2a9e25b\" data-element_type=\"widget\" data-widget_type=\"eael-feature-list.default\">\n\t\t\t\t<div class=\"elementor-widget-container\">\n\t\t\t\t\t<div class=\"-icon-position-left -tablet-icon-position-left -mobile-icon-position-left\">\n\t\t\t<ul id=\"eael-feature-list-2a9e25b\" class=\"eael-feature-list-items square stacked \">\n\t\t\t                <li class=\"eael-feature-list-item elementor-repeater-item-6967a13\">\n                    \n\t\t\t\t\t\t<div class=\"eael-feature-list-icon-box\">\n\t\t\t\t\t\t\t<div class=\"eael-feature-list-icon-inner\">\n\n\t\t\t\t\t\t\t\t<a class=\"eael-feature-list-icon fl-icon-0\"href=\"https:\/\/lachozatambogrande.com\/web\/matrimonial-premium\/\">\n\n\t\t<img decoding=\"async\" src=\"https:\/\/lachozatambogrande.com\/web\/wp-content\/uploads\/2022\/12\/matrimonial-premiun.jpg\" class=\"eael-feature-list-img\" alt=\"\">\t\t\t\t\t\t\t\t<\/a>\n\t\t\t\t\t\t\t<\/div>\n\t\t\t\t\t\t<\/div>\n\t\t\t\t\t\t<div class=\"eael-feature-list-content-box\">\n\t\t\t\t\t\t\t<h4 class=\"eael-feature-list-title\"\t\t\t\t\t\t\t><a href=\"https:\/\/lachozatambogrande.com\/web\/matrimonial-premium\/\">Matrimonial Premium<\/a><\/h4\t\t\t\t\t\t>\n\t\t\t\t\t\t<p class=\"eael-feature-list-content\">Nuestras habitaciones Matrimonial Premium son perfectas para los hu\u00e9spedes que viajan solos y que quieren disfrutar igualmente de las mejores prestaciones del hotel. Estas estancias cuentan con Cama Queen, Frigo bar aire acondicionado, TV con canales cable, caja de seguridad, tel\u00e9fono, ba\u00f1o privado, etc.<\/p>\n\t\t\t\t\t\t<\/div>\n\n\t\t\t\t\t<\/li>\n\t\t\t\t                <li class=\"eael-feature-list-item elementor-repeater-item-fadd217\">\n                    \n\t\t\t\t\t\t<div class=\"eael-feature-list-icon-box\">\n\t\t\t\t\t\t\t<div class=\"eael-feature-list-icon-inner\">\n\n\t\t\t\t\t\t\t\t<a class=\"eael-feature-list-icon fl-icon-1\"href=\"https:\/\/lachozatambogrande.com\/web\/bungalow-matrimonial\/\">\n\n\t\t<img decoding=\"async\" src=\"https:\/\/lachozatambogrande.com\/web\/wp-content\/uploads\/2022\/12\/bungalows-matrimonial.jpg\" class=\"eael-feature-list-img\" alt=\"\">\t\t\t\t\t\t\t\t<\/a>\n\t\t\t\t\t\t\t<\/div>\n\t\t\t\t\t\t<\/div>\n\t\t\t\t\t\t<div class=\"eael-feature-list-content-box\">\n\t\t\t\t\t\t\t<h4 class=\"eael-feature-list-title\"\t\t\t\t\t\t\t><a href=\"https:\/\/lachozatambogrande.com\/web\/bungalow-matrimonial\/\">Bungalow Matrimonial<\/a><\/h4\t\t\t\t\t\t>\n\t\t\t\t\t\t<p class=\"eael-feature-list-content\">Tenemos un bungalows especial el mejor equipamiento con un dise\u00f1o colorido y acogedor para que puedas obtener el mejor descanso y disfrutar de una estad\u00eda de primer nivel. Las habitaciones Matrimoniales, equipadas con una cama , disponen de TV, aire acondicionado y ba\u00f1o privado, desayuno, entre otros.<\/p>\n\t\t\t\t\t\t<\/div>\n\n\t\t\t\t\t<\/li>\n\t\t\t\t                <li class=\"eael-feature-list-item elementor-repeater-item-718229c\">\n                    \n\t\t\t\t\t\t<div class=\"eael-feature-list-icon-box\">\n\t\t\t\t\t\t\t<div class=\"eael-feature-list-icon-inner\">\n\n\t\t\t\t\t\t\t\t<a class=\"eael-feature-list-icon fl-icon-2\"href=\"https:\/\/lachozatambogrande.com\/web\/habitaciones\/bungalow-doble\/\">\n\n\t\t<img decoding=\"async\" src=\"https:\/\/lachozatambogrande.com\/web\/wp-content\/uploads\/2022\/12\/bungalows-doble.jpg\" class=\"eael-feature-list-img\" alt=\"\">\t\t\t\t\t\t\t\t<\/a>\n\t\t\t\t\t\t\t<\/div>\n\t\t\t\t\t\t<\/div>\n\t\t\t\t\t\t<div class=\"eael-feature-list-content-box\">\n\t\t\t\t\t\t\t<h4 class=\"eael-feature-list-title\"\t\t\t\t\t\t\t><a href=\"https:\/\/lachozatambogrande.com\/web\/habitaciones\/bungalow-doble\/\">Bungalow Doble<\/a><\/h4\t\t\t\t\t\t>\n\t\t\t\t\t\t<p class=\"eael-feature-list-content\">Equipadas con dos camas de 2 plazas, estas habitaciones son perfectas para parejas que llegan a nuestro distrito de tambogrande y buscan una habitaci\u00f3n amplia, acogedora y bien equipada. Est\u00e1n dotadas de aire acondicionado, ba\u00f1o con ducha y secador, TV con pantalla LCD de 32 pulgadas y canales por cable.<\/p>\n\t\t\t\t\t\t<\/div>\n\n\t\t\t\t\t<\/li>\n\t\t\t\t                <li class=\"eael-feature-list-item elementor-repeater-item-8ad7bd5\">\n                    \n\t\t\t\t\t\t<div class=\"eael-feature-list-icon-box\">\n\t\t\t\t\t\t\t<div class=\"eael-feature-list-icon-inner\">\n\n\t\t\t\t\t\t\t\t<a class=\"eael-feature-list-icon fl-icon-3\"href=\"https:\/\/lachozatambogrande.com\/web\/bungalow-doble-premium\/\">\n\n\t\t<img decoding=\"async\" src=\"https:\/\/lachozatambogrande.com\/web\/wp-content\/uploads\/2022\/12\/bungalows-doble-premiun.jpg\" class=\"eael-feature-list-img\" alt=\"\">\t\t\t\t\t\t\t\t<\/a>\n\t\t\t\t\t\t\t<\/div>\n\t\t\t\t\t\t<\/div>\n\t\t\t\t\t\t<div class=\"eael-feature-list-content-box\">\n\t\t\t\t\t\t\t<h4 class=\"eael-feature-list-title\"\t\t\t\t\t\t\t><a href=\"https:\/\/lachozatambogrande.com\/web\/bungalow-doble-premium\/\">Bungalow Doble Premium<\/a><\/h4\t\t\t\t\t\t>\n\t\t\t\t\t\t<p class=\"eael-feature-list-content\">Nuestras exclusivas suites est\u00e1n equipadas con todo lo que usted necesita para disfrutar de una estad\u00eda incre\u00edble en nuestro distrito de tambogrande. Todas nuestras suites cuentan con los siguientes servicios: sala de estar acogedora, Ba\u00f1o Privado, TV con pantalla LCD y canales por cable, frigo bar, Aire acondicionado.<\/p>\n\t\t\t\t\t\t<\/div>\n\n\t\t\t\t\t<\/li>\n\t\t\t\t                <li class=\"eael-feature-list-item elementor-repeater-item-65d1a58\">\n                    \n\t\t\t\t\t\t<div class=\"eael-feature-list-icon-box\">\n\t\t\t\t\t\t\t<div class=\"eael-feature-list-icon-inner\">\n\n\t\t\t\t\t\t\t\t<a class=\"eael-feature-list-icon fl-icon-4\"href=\"https:\/\/lachozatambogrande.com\/web\/habitaciones\/bungalow-familiar\/\">\n\n\t\t<img decoding=\"async\" src=\"https:\/\/lachozatambogrande.com\/web\/wp-content\/uploads\/2022\/12\/bungalows-familiar.jpg\" class=\"eael-feature-list-img\" alt=\"\">\t\t\t\t\t\t\t\t<\/a>\n\t\t\t\t\t\t\t<\/div>\n\t\t\t\t\t\t<\/div>\n\t\t\t\t\t\t<div class=\"eael-feature-list-content-box\">\n\t\t\t\t\t\t\t<h4 class=\"eael-feature-list-title\"\t\t\t\t\t\t\t><a href=\"https:\/\/lachozatambogrande.com\/web\/habitaciones\/bungalow-familiar\/\">Bungalow Familiar<\/a><\/h4\t\t\t\t\t\t>\n\t\t\t\t\t\t<p class=\"eael-feature-list-content\">Nuestras exclusivas suites est\u00e1n equipadas con todo lo que usted necesita para disfrutar de una estad\u00eda incre\u00edble en nuestro distrito de tambogrande. Todas nuestras suites cuentan con los siguientes servicios: sala de estar acogedora, Ba\u00f1o Privado, TV con pantalla LCD y canales por cable, frigo bar, Aire acondicionado.<\/p>\n\t\t\t\t\t\t<\/div>\n\n\t\t\t\t\t<\/li>\n\t\t\t\t\t\t\t<\/ul>\n\t\t<\/div>\n\t\t\t\t<\/div>\n\t\t\t\t<\/div>\n\t\t\t\t\t<\/div>\n\t\t<\/div>\n\t\t\t\t\t\t\t<\/div>\n\t\t<\/section>\n\t\t\t\t\t\t\t<\/div>\n\t\t","protected":false},"excerpt":{"rendered":"<p>Nuestro servicio de alojamiento incluye en todas nuestras habitaciones, desayuno, [&hellip;]<\/p>\n","protected":false},"author":1,"featured_media":0,"parent":0,"menu_order":0,"comment_status":"closed","ping_status":"closed","template":"","meta":{"footnotes":""},"class_list":["post-27","page","type-page","status-publish","hentry"],"_links":{"self":[{"href":"https:\/\/lachozatambogrande.com\/web\/wp-json\/wp\/v2\/pages\/27","targetHints":{"allow":["GET"]}}],"collection":[{"href":"https:\/\/lachozatambogrande.com\/web\/wp-json\/wp\/v2\/pages"}],"about":[{"href":"https:\/\/lachozatambogrande.com\/web\/wp-json\/wp\/v2\/types\/page"}],"author":[{"embeddable":true,"href":"https:\/\/lachozatambogrande.com\/web\/wp-json\/wp\/v2\/users\/1"}],"replies":[{"embeddable":true,"href":"https:\/\/lachozatambogrande.com\/web\/wp-json\/wp\/v2\/comments?post=27"}],"version-history":[{"count":28,"href":"https:\/\/lachozatambogrande.com\/web\/wp-json\/wp\/v2\/pages\/27\/revisions"}],"predecessor-version":[{"id":419,"href":"https:\/\/lachozatambogrande.com\/web\/wp-json\/wp\/v2\/pages\/27\/revisions\/419"}],"wp:attachment":[{"href":"https:\/\/lachozatambogrande.com\/web\/wp-json\/wp\/v2\/media?parent=27"}],"curies":[{"name":"wp","href":"https:\/\/api.w.org\/{rel}","templated":true}]}}